is 0 + 3 + 1 + 13 + -19?
-2
What is the value of -1 + (3 - (1 + -3))?
4
5 + (-5 - 2) - 1
-3
Calculate -4 - (-8 - (1 - 0 - -1)).
6
Calculate (-7 - (2 + -2)) + 5 + -2.
-4
Evaluate 7 + -3 + 7 + -15.
-4
What is 17 + -9 + (0 - 4) - 2?
2
Calculate (2 - 0) + 3 + 0.
5
13 - 14 - (-4 + 1)
2
Evaluate 0 + -4 + 4 + (3 - 13).
-10
Calculate -6 + (-3 - (3 - 7)).
-5
What is the value of -4 + 3 - (1 + -3)?
1
Calculate -5 - -8 - 5 - 3.
-5
What is the value of 5 + -1 + 2 + -5?
1
12 + -15 + 4 + (-1 - -1)
1
Calculate 3 + 2 + (7 - 11 - -4).
5
What is the value of 1 - (2 + 0 - -1)?
-2
What is the value of -2 + (-2 - (0 - -2)) - -1?
-5
What is the value of (-5 - -13) + -7 + -7?
-6
-5 - (-4 + 2) - (-2 + 2)
-3
What is the value of (3 - 10) + 4 - -1?
-2
-2 + 1 - (-10 - -5)
4
Calculate -2 - (-2 - -3 - 3 - 0).
0
Evaluate -12 - (3 + -8) - -9.
2
What is -3 + (-9 - (5 - 10))?
-7
What is the value of (-3 - (0 + 4) - -2) + 0?
-5
Calculate 10 + -1 + (-6 - 2 - -6).
7
-12 + 2 + 3 - -5
-2
Calculate -11 + (-8 + -1 - -15).
-5
What is (2 - (1 + 3)) + 0?
-2
What is (2 - 4) + 2 + -3 + -2?
-5
What is -21 + 3 + 8 + 2?
-8
Calculate (-2 - -9) + 9 + -15.
1
Evaluate -6 - -5 - (-3 + 4 + 2).
-4
What is the value of -2 - (4 + (-7 - -3))?
-2
What is the value of 5 + 0 - (10 - (1 - -1))?
-3
Evaluate (-8 - -10) + -1 - -4.
5
Evaluate -6 + (3 - 5) + -3 - -4.
-7
Evaluate -6 + -1 - -14 - 9.
-2
Calculate 1 + (-2 - 3) - (-9 - -1).
4
Calculate -14 + (10 - -2) + -2.
-4
Evaluate -5 - (-3 + (1 - 3)).
0
Evaluate (-5 - -6) + -2 + 0.
-1
What is (-3 - -3 - -1) + -4?
-3
Calculate (0 - (3 - (4 + -4))) + 0.
-3
What is (13 - 5) + -5 - 3?
0
What is 21 + -21 - (-2 + 0)?
2
4 - (4 - 5) - 1
4
What is (-3 - (3 - 5)) + 3 - 1?
1
What is 20 - (14 - 0 - 2)?
8
Evaluate (0 - (-4 - 1)) + (-25 - -22).
2
-5 - (-2 - (-1 - 3)) - -5
-2
Evaluate 2 + -5 + 8 + -10.
-5
Evaluate (-11 - 0) + (-11 - -16) + 5.
-1
What is 13 - (10 - (1 + -5))?
-1
Calculate 4 + (-10 - (3 + -1 + -6)).
-2
What is the value of -3 - (-6 - (-6 - -1))?
-2
Evaluate -6 + 1 + (5 - 0).
0
What is 5 + 0 + (-2 - (-2 + -1))?
6
What is (-2 - (-3 - -5)) + 3?
-1
(-20 - (2 + -5)) + (0 - -6)
-11
Evaluate -10 + -1 - (-66 + 58).
-3
0 - 0 - (1 + -6)
5
Evaluate 5 - ((12 - 1) + (31 - 31)).
-6
What is the value of 10 + -14 - (-4 - -4)?
-4
Evaluate 8 - (19 + 6 - (11 - 3)).
-9
Evaluate -1 + (0 - -3 - (12 + -5)).
-5
What is the value of -4 + -1 + 10 + -9?
-4
What is (-6 + -5 - -8) + -2?
-5
What is (5 - (7 + -1)) + 0?
-1
Evaluate 0 + 1 + -9 + 6.
-2
1 + -5 + 2 - (2 - 2)
-2
Calculate -5 + 2 + 1 + (12 - 6).
4
What is the value of (13 - (0 + 0)) + -8?
5
1 + 2 - (1 - 1)
3
Calculate (25 - 31) + (0 + -1 - -12).
5
Evaluate (-4 - 0) + -12 + 17.
1
What is the value of 5 + (5 - 5) - 5?
0
What is (-8 - (7 + -13)) + 1 + 7?
6
What is the value of 3 + -5 + 0 + -6 + 10?
2
Evaluate -12 - 1 - (-112 + 105).
-6
-4 - (-2 + (-3 - (3 - -1)))
5
0 + (-3 + (-3 - -4) - 4)
-6
Evaluate (-26 - -24) + (1 - 1) - -5.
3
6 + -6 + 4 + -7
-3
What is the value of (0 - 0 - -5) + -9?
-4
What is the value of -1 + -9 - (4 + 0 - 9)?
-5
What is the value of (-8 - -1) + (1 - (2 + -2))?
-6
What is the value of -2 + 1 + 2 + (62 - 54)?
9
Evaluate 4 + -2 + -9 + (-1 - -5).
-3
Calculate -304 + 305 - ((0 - -7) + 0).
-6
What is 9 - (23 + -9) - -8?
3
Evaluate 0 + (-4 - (3 + -7)) + -4.
-4
Evaluate 0 - (1 + 1 + -3 + 2).
-1
Calculate -1 + 18 + -4 - 11.
2
What is (17 - 8) + 1 + -6?
4
What is (-10 + 6 - -6) + -7 + 0?
-5
Evaluate (5 - (-4 + -1 - -8)) + 8.
10
4 - (4 + -1 - -4)
-3
What is 3 + -5 + 3 - 2?
-1
Calculate 6 + (-4 - -8) - 6.
4
-3 + 1 + -2 + 3
-1
What is the value of (64 - 67) + 1 + -1?
-3
What is (-12 - -14 - 7) + 12?
7
4 + 2 + 0 - (2 + 2)
2
What is the value of 3 + (-5 - -6) - 3?
1
-3 + 1 + 3 + 3
4
Calculate 6 - (8 + (3 - 8)).
3
What is the value of 2 - 1 - 2 - (1 - -2)?
-4
What is -22 + 23 + (-1 - 2)?
-2
Evaluate 2 + (-3 - -9) + -6.
2
Calculate 9 + 0 - (40 - 36).
5
6 + 38 + -38 + -1 + -4
1
(3 - 20) + (4 - -1) + 6
-6
What is (-4 - (0 + -6) - 1) + -2?
-1
Calculate -19 + 15 - (-7 - -2).
1
-137 - -132 - (0 - -1)
-6
Calculate -1 - (-1 + 0) - -5.
5
What is -9 + (4 - 2) - (-87 - -91)?
-11
Calculate (0 + 3 - 7) + 9 + 0.
5
What is the value of -2 - (1 + 8 + (-40 - -38))?
-9
5 + -8 + (-2 - -5)
0
What is the value of (11 + -5 - 0) + 4?
10
27 + -26 + (6 + -1 - 1)
5
-3 + (12 - (7 + -4)) - 10
-4
Calculate -1 + 4 + 5 + -17.
-9
-4 - (10 - 6 - 5)
-3
What is -1 + 0 - (2 - (-3 - -1))?
-5
0 + 2 - (1 + -3)
4
What is the value of -1 - 0 - 2 - 2?
-5
What is the value of (-12 - -14) + 1 + -7?
-4
What is the value of 2 - (1 - 2 - -5)?
-2
What is 11 + (-22 + 9 - -1)?
-1
82 + -86 - (2 - (5 + 1))
0
Calculate (-14 - 1) + (8 - -9) + -10.
-8
What is -10 + 7 + -5 + 2?
-6
-4 + -1 + 8 + -8
-5
Calculate (2 - 14) + -2 - -18.
4
3 - (2 - (0 + 5))
6
Calculate -4 - (-1 - (-2 - (-2 - 0))).
-3
Evaluate 4 + 0 - 3 - (-2 + 1).
2
Calculate (-11 - -12) + (1 + -2 - -1).
1
2 - (1 - (4 + (3 - 5)))
3
What is the value of -5 + 5 + -1 + 5 + -8?
-4
What is 1 + (0 - 0) + (5 - 2)?
4
(3 - (-2 - 5)) + -4
6
What is 2 + 3 + -2 - 0?
3
Calculate 9 + -4 + 0 + -12 + 12.
5
-2 - (0 + 3 - 3)
-2
5 - (5 + 1 + -3)
2
5 - (9 - (-5 - (-5 + -4)))
0
What is -2 + (-4 - -14) + -6?
2
Evaluate (-2 - -2) + (-6 - (-6 - -1)).
-1
Evaluate -12 + ((3 - 9) + 6 - -5).
-7
Evaluate 5 + 2 + (-8 - -6) + -1.
4
What is the value of -1 + 0 + -7 + 8?
0
What is (10 - (19 - 3)) + 1?
-5
Calculate 8 - (4 - (3 + -4)).
3
Evaluate 3 + (-8 - -6) + 2.
3
Evaluate -4 + -5 + 8 + 2 - 8.
-7
What is 46 + -35 - (1 + 3 + -2)?
9
(-1 + 3 - 3 - -2) + -1
0
What is the value of 5 + -6 + 4 - 2 - 2?
-1
2 + 1 + (3 - 3)
3
Evaluate (-12 - (1 - 2)) + (28 - 23).
-6
Calculate 104 + -98 + (1 - 4).
3
What is 6 + -6 + 1 + 1?
2
Calculate -6 - (-14 + 1 + 4).
3
(-4 + -1 - -2) + 5
2
What is the value of -20 - -21 - (1 + 3)?
-3
Evaluate 3 - (2 + -2) - 2 - 1.
0
-8 + (13 - 2) - -1
4
Evaluate (-1 - -3) + (-2 - -3).
3
Calculate 17 + 0 - (-42 - -50).
9
What is the value of 6 + -2 + 1 + (-5 - -1)?
1
-4 - 5 - -9 - 4
-4
Evaluate -4 + (6 - 2) + 3.
3
What is the value of 3 + 1 + (2 - (-5 - -6))?
5
Evaluate 5 - (-1 + 5 - 2 - -6).
-3
Calculate 8 + -7 + 9 + (-10 - 0).
0
Calculate -1 - -13 - (-3 - (1 - 8)).
8
Calculate -1 + -1 - (15 - 20).
3
Calculate (-1 - -19) + -98 + 90.
10
Evaluate -8 - (-8 + -6 + 7).
-1
Calculate (6 - 1) + -63 + 58.
0
What is (0 - -5 - (-19 + 18)) + -3?
3
What is -8 + -1 + 7 - -6?
4
What is -6 + 1 + 0 + -5 + 6?
-4
Calculate 5 - 4 - (1 + 2 + -6).
4
What is 3 + -3 + 2 + 14 + -8?
8
What is the value of -2 - 3 - (9 + -20) - -1?
7
What is (-2 - (11 - 27)) + -9?
5
What is (12 - 17) + (6 - -1)?
2
What is the value of 14 - ((-9 - -10) + 9)?
4
What is the value of 5 + (-5 + 3 - 2)?
1
Calculate -8 + 4 + 4 + 5.
5
What is 3 + (4 - 8) + 4?
3
What is the value of 2 + -15 - (-25 + 17)?
-5
Evaluate 138 + -137 + (-4 - (0 + -1)).
-2
What is the value of 3 + 0 + -5 + 9 + -4?
3
What is the value of 8 + -12 - (-2 - -1)?
-3
(-3 - -7) + -8 - (-1 - 0)
-3
What is the value of 7 - (15 - 4) - -8?
4
What is the value of (0 - -8) + (-7 - (-9 - -8))?
2
What is the value of 16 - 19 - 1 - (-6 + -1)?
3
What is (3 - (-5 - -10)) + -3 + 7?
2
Evaluate -2 + 2 + 2 + (15 - 22).
-5
7 - 20 - -7 - (-2 - -1)
-5
(118 - 118) + -2 + 1 + 1
0
What is the value of -1 + 6 + 0 + (-1 - 3)?
1
Evaluate (-10 - (-4 - -1)) + 10.
3
What is (2 - -1) + (5 - 4 - 2)?
2
What is (13 - 22) + -2 + 1?
-10
What is (-2 - (4 - 0)) + 21 + -18?
-3
What is 18 - 16 - (-1 + 1)?
2
What is -9 - -4 - (-7 + 0)?
2
Calculate 9 + (2 - 4) + -5.
2
Calculate -4 + 5 - -2 - 1.
2
Evaluate -2 - (-10 + (12 - 6)).
2
What is 27 - 24 - (4 + 1)?
-2
Evaluate -421 + 421 + 1 + -1 + -4.
-4
(0 - (3 - (-1 - -2))) + 4
2
(3 - (3 - 2)) + 2 + -4
0
What is the value of 1 + 0 - (1 + 3 + -6)?
3
What is the value of (-4 - -1) + -5 + 4?
-4
Calculate 0 + 4 + 6 + -6.
4
What is 10 - (-2 + -1 + 10)?
3
Calculate -7 + 10 - (-4 + 8).
-1
Evaluate -9 + 13 - (-2 - -1).
5
1 - (-6 - (-4 + -2 + 4))
5
3 + -8 + 0 + (-3 - 1)
-9
Evaluate (-11 - -7) + 19 - 10.
5
Evaluate (3 - (0 - -2)) + -2.
-1
Calculate -5 - (-3 - -3 - 5).
0
Calculate -7 + 5 - (4 + -8).
2
Calculate -5 + (0 - 0) + 1.
-4
0 + (2 - (-1 - -3)) + 0
0
What is (-4 - -4) + (-3 - -1) - 4?
-6
Calculate (-8 - -11) + 4 - 10.
-3
Calculate -2 + (0 + 2 - (-4 + 7)).
-3
Evaluate 23 + -26 + (0 - 1).
-4
What is (-11 - -19) + 0 + -6